{"id":527,"date":"2025-07-27T17:33:13","date_gmt":"2025-07-27T15:33:13","guid":{"rendered":"https:\/\/salonvignesetvilaine.fr\/?page_id=527"},"modified":"2025-11-05T22:03:00","modified_gmt":"2025-11-05T21:03:00","slug":"animations","status":"publish","type":"page","link":"https:\/\/salonvignesetvilaine.fr\/?page_id=527","title":{"rendered":"ANIMATIONS"},"content":{"rendered":"\n<figure class=\"wp-block-image size-full is-resized\"><img fetchpriority=\"high\" decoding=\"async\" width=\"500\" height=\"500\" src=\"https:\/\/salonvignesetvilaine.fr\/wp-content\/uploads\/2025\/07\/9-2.png\" alt=\"\" class=\"wp-image-113\" style=\"width:180px;height:auto\" srcset=\"https:\/\/salonvignesetvilaine.fr\/wp-content\/uploads\/2025\/07\/9-2.png 500w, https:\/\/salonvignesetvilaine.fr\/wp-content\/uploads\/2025\/07\/9-2-300x300.png 300w, https:\/\/salonvignesetvilaine.fr\/wp-content\/uploads\/2025\/07\/9-2-150x150.png 150w\" sizes=\"(max-width: 500px) 100vw, 500px\" \/><\/figure>\n\n\n\n<div class=\"wp-block-group is-nowrap is-layout-flex wp-container-core-group-is-layout-6c531013 wp-block-group-is-layout-flex\"><\/div>\n\n\n\n<p>ANIMATIONS DURANT LE SALON<\/p>\n\n\n\n<p>&nbsp;Le jeu du tire-bouchon: des cadeaux par tirage au sort<\/p>\n\n\n\n<p>&nbsp;Initiation \u00e0 la d\u00e9gustation:<\/p>\n\n\n\n<p><strong>&nbsp;&nbsp;&nbsp;&nbsp;&nbsp;&nbsp;&nbsp;&nbsp;&nbsp;&nbsp; 3 s\u00e9ances de d\u00e9gustation d&rsquo;environ 45 minutes<\/strong><\/p>\n\n\n\n<p>&nbsp;&nbsp;&nbsp;&nbsp;&nbsp;&nbsp;&nbsp;&nbsp;&nbsp;&nbsp;&nbsp;&nbsp;&nbsp;&nbsp; &#8211; Deux le samedi \u00e0 11h00 et \u00e0 16h00<\/p>\n\n\n\n<p>&nbsp;&nbsp;&nbsp;&nbsp;&nbsp;&nbsp;&nbsp;&nbsp;&nbsp;&nbsp;&nbsp;&nbsp;&nbsp;&nbsp; &#8211; Une le dimanche \u00e0 11h00<\/p>\n\n\n\n<p>15 personnes par s\u00e9ance avec&nbsp;inscription gratuite&nbsp;par&nbsp;lien doodle*<\/p>\n\n\n\n<p>&nbsp;<em>&nbsp; *lien mis en ligne sur la page d&rsquo;accueil 2 semaines avant le salon &#8211; pr\u00e9sence requise 10 minutes avant<\/em><\/p>\n\n\n\n<p>&nbsp;Ateliers :<\/p>\n\n\n\n<figure class=\"wp-block-image aligncenter size-large is-resized\"><img decoding=\"async\" width=\"1024\" height=\"1024\" src=\"https:\/\/salonvignesetvilaine.fr\/wp-content\/uploads\/2025\/11\/degustation-a-laveugle-1024x1024.png\" alt=\"\" class=\"wp-image-791\" style=\"width:540px;height:auto\" srcset=\"https:\/\/salonvignesetvilaine.fr\/wp-content\/uploads\/2025\/11\/degustation-a-laveugle-1024x1024.png 1024w, https:\/\/salonvignesetvilaine.fr\/wp-content\/uploads\/2025\/11\/degustation-a-laveugle-300x300.png 300w, https:\/\/salonvignesetvilaine.fr\/wp-content\/uploads\/2025\/11\/degustation-a-laveugle-150x150.png 150w, https:\/\/salonvignesetvilaine.fr\/wp-content\/uploads\/2025\/11\/degustation-a-laveugle-768x768.png 768w, https:\/\/salonvignesetvilaine.fr\/wp-content\/uploads\/2025\/11\/degustation-a-laveugle.png 1080w\" sizes=\"(max-width: 1024px) 100vw, 1024px\" \/><\/figure>\n\n\n\n<p>&nbsp;&nbsp;&nbsp;&nbsp;&nbsp;&nbsp;&nbsp;&nbsp;&nbsp;&nbsp;&nbsp;&nbsp;&nbsp;&nbsp;&nbsp;&#8211; Retrouver l&rsquo;intrus parmi 3 vins blancs<\/p>\n\n\n\n<p>&nbsp;&nbsp;&nbsp;&nbsp;&nbsp;&nbsp;&nbsp;&nbsp;&nbsp;&nbsp;&nbsp;&nbsp;&nbsp;&nbsp; &#8211; Retrouver l&rsquo;intrus parmi 3 vins&nbsp;rouges<\/p>\n\n\n\n<p>&nbsp;&nbsp;&nbsp;&nbsp;&nbsp;&nbsp;&nbsp;&nbsp;&nbsp; &nbsp;&nbsp;&nbsp;&nbsp; &#8211; Retrouver le blanc, le rouge et le ros\u00e9<\/p>\n\n\n\n<p>&nbsp;&nbsp;&nbsp;&nbsp;&nbsp;&nbsp;&nbsp;&nbsp;&nbsp;&nbsp;&nbsp;&nbsp;&nbsp;&nbsp; &#8211; Retrouver le Muscadet, le Chenin et le Chardonnay<\/p>\n\n\n\n<p><\/p>\n","protected":false},"excerpt":{"rendered":"<p>ANIMATIONS DURANT LE SALON &nbsp;Le jeu du tire-bouchon: des cadeaux par tirage au sort &nbsp;Initiation \u00e0 la d\u00e9gustation: &nbsp;&nbsp;&nbsp;&nbsp;&nbsp;&nbsp;&nbsp;&nbsp;&nbsp;&nbsp; 3 s\u00e9ances de d\u00e9gustation d&rsquo;environ 45 minutes &nbsp;&nbsp;&nbsp;&nbsp;&nbsp;&nbsp;&nbsp;&nbsp;&nbsp;&nbsp;&nbsp;&nbsp;&nbsp;&nbsp; &#8211; Deux le samedi \u00e0 11h00 et \u00e0 16h00 &nbsp;&nbsp;&nbsp;&nbsp;&nbsp;&nbsp;&nbsp;&nbsp;&nbsp;&nbsp;&nbsp;&nbsp;&nbsp;&nbsp; &#8211; Une le dimanche \u00e0 11h00 15 personnes par s\u00e9ance avec&nbsp;inscription gratuite&nbsp;par&nbsp;lien doodle* &nbsp;&nbsp; *lien mis en ligne [&hellip;]<\/p>\n","protected":false},"author":1,"featured_media":0,"parent":0,"menu_order":0,"comment_status":"closed","ping_status":"closed","template":"","meta":{"footnotes":""},"class_list":["post-527","page","type-page","status-publish","hentry"],"_links":{"self":[{"href":"https:\/\/salonvignesetvilaine.fr\/index.php?rest_route=\/wp\/v2\/pages\/527","targetHints":{"allow":["GET"]}}],"collection":[{"href":"https:\/\/salonvignesetvilaine.fr\/index.php?rest_route=\/wp\/v2\/pages"}],"about":[{"href":"https:\/\/salonvignesetvilaine.fr\/index.php?rest_route=\/wp\/v2\/types\/page"}],"author":[{"embeddable":true,"href":"https:\/\/salonvignesetvilaine.fr\/index.php?rest_route=\/wp\/v2\/users\/1"}],"replies":[{"embeddable":true,"href":"https:\/\/salonvignesetvilaine.fr\/index.php?rest_route=%2Fwp%2Fv2%2Fcomments&post=527"}],"version-history":[{"count":5,"href":"https:\/\/salonvignesetvilaine.fr\/index.php?rest_route=\/wp\/v2\/pages\/527\/revisions"}],"predecessor-version":[{"id":793,"href":"https:\/\/salonvignesetvilaine.fr\/index.php?rest_route=\/wp\/v2\/pages\/527\/revisions\/793"}],"wp:attachment":[{"href":"https:\/\/salonvignesetvilaine.fr\/index.php?rest_route=%2Fwp%2Fv2%2Fmedia&parent=527"}],"curies":[{"name":"wp","href":"https:\/\/api.w.org\/{rel}","templated":true}]}}